ainder when 438 is divided by 229.
209
What is the remainder when 249 is divided by 121?
7
Calculate the remainder when 288 is divided by 146.
142
Calculate the remainder when 853 is divided by 57.
55
What is the remainder when 111 is divided by 28?
27
What is the remainder when 42 is divided by 4?
2
Calculate the remainder when 64 is divided by 39.
25
What is the remainder when 2560 is divided by 285?
280
Calculate the remainder when 167 is divided by 53.
8
Calculate the remainder when 844 is divided by 77.
74
Calculate the remainder when 324 is divided by 12.
0
What is the remainder when 674 is divided by 237?
200
What is the remainder when 207 is divided by 110?
97
Calculate the remainder when 9025 is divided by 4505.
15
Calculate the remainder when 315 is divided by 80.
75
What is the remainder when 13 is divided by 8?
5
Calculate the remainder when 773 is divided by 31.
29
Calculate the remainder when 1583 is divided by 51.
2
What is the remainder when 166 is divided by 43?
37
Calculate the remainder when 742 is divided by 370.
2
What is the remainder when 127 is divided by 19?
13
What is the remainder when 4764 is divided by 149?
145
Calculate the remainder when 533 is divided by 457.
76
What is the remainder when 966 is divided by 51?
48
What is the remainder when 334 is divided by 14?
12
Calculate the remainder when 399 is divided by 80.
79
What is the remainder when 185 is divided by 41?
21
What is the remainder when 2316 is divided by 83?
75
What is the remainder when 817 is divided by 220?
157
Calculate the remainder when 17 is divided by 5.
2
What is the remainder when 334 is divided by 86?
76
What is the remainder when 1126 is divided by 290?
256
What is the remainder when 233 is divided by 60?
53
What is the remainder when 9088 is divided by 61?
60
Calculate the remainder when 1350 is divided by 33.
30
What is the remainder when 966 is divided by 458?
50
What is the remainder when 8694 is divided by 185?
184
What is the remainder when 506 is divided by 17?
13
Calculate the remainder when 139 is divided by 8.
3
What is the remainder when 728 is divided by 124?
108
Calculate the remainder when 2391 is divided by 92.
91
Calculate the remainder when 559 is divided by 95.
84
What is the remainder when 437 is divided by 16?
5
What is the remainder when 97 is divided by 28?
13
Calculate the remainder when 22153 is divided by 19.
18
What is the remainder when 629 is divided by 15?
14
Calculate the remainder when 431 is divided by 11.
2
What is the remainder when 652 is divided by 177?
121
What is the remainder when 1241 is divided by 249?
245
What is the remainder when 1977 is divided by 18?
15
Calculate the remainder when 401 is divided by 130.
11
What is the remainder when 2852 is divided by 17?
13
Calculate the remainder when 446 is divided by 222.
2
What is the remainder when 110 is divided by 30?
20
What is the remainder when 528 is divided by 183?
162
Calculate the remainder when 1047 is divided by 130.
7
What is the remainder when 353 is divided by 90?
83
Calculate the remainder when 17 is divided by 1.
0
What is the remainder when 101 is divided by 35?
31
Calculate the remainder when 324 is divided by 109.
106
Calculate the remainder when 396 is divided by 358.
38
Calculate the remainder when 381 is divided by 93.
9
What is the remainder when 2850 is divided by 33?
12
What is the remainder when 1240 is divided by 90?
70
Calculate the remainder when 1786 is divided by 10.
6
What is the remainder when 208 is divided by 37?
23
Calculate the remainder when 885 is divided by 8.
5
Calculate the remainder when 203 is divided by 17.
16
Calculate the remainder when 1259 is divided by 45.
44
What is the remainder when 286 is divided by 7?
6
What is the remainder when 762 is divided by 370?
22
What is the remainder when 479 is divided by 96?
95
What is the remainder when 532 is divided by 89?
87
Calculate the remainder when 74 is divided by 11.
8
What is the remainder when 197 is divided by 25?
22
What is the remainder when 144 is divided by 6?
0
What is the remainder when 46 is divided by 11?
2
What is the remainder when 765 is divided by 35?
30
What is the remainder when 1208 is divided by 39?
38
What is the remainder when 264 is divided by 39?
30
What is the remainder when 7877 is divided by 146?
139
What is the remainder when 166 is divided by 56?
54
Calculate the remainder when 4616 is divided by 9.
8
Calculate the remainder when 2855 is divided by 61.
49
What is the remainder when 169 is divided by 45?
34
Calculate the remainder when 51 is divided by 27.
24
What is the remainder when 1339 is divided by 446?
1
What is the remainder when 52 is divided by 11?
8
Calculate the remainder when 250 is divided by 78.
16
What is the remainder when 821 is divided by 14?
9
Calculate the remainder when 1894 is divided by 38.
32
Calculate the remainder when 185 is divided by 33.
20
Calculate the remainder when 4973 is divided by 138.
5
What is the remainder when 50 is divided by 13?
11
What is the remainder when 167 is divided by 14?
13
What is the remainder when 672 is divided by 144?
96
What is the remainder when 295 is divided by 52?
35
Calculate the remainder when 5017 is divided by 27.
22
What is the remainder when 771 is divided by 253?
12
What is the remainder when 1349 is divided by 154?
117
Calculate the remainder when 11 is divided by 4.
3
Calculate the remainder when 121 is divided by 38.
7
What is the remainder when 109 is divided by 32?
13
Calculate the remainder when 780 is divided by 119.
66
Calculate the remainder when 488 is divided by 49.
47
Calculate the remainder when 1558 is divided by 194.
6
Calculate the remainder when 1524 is divided by 300.
24
Calculate the remainder when 12765 is divided by 14.
11
Calculate the remainder when 19430 is divided by 8.
6
Calculate the remainder when 6119 is divided by 51.
50
Calculate the remainder when 1818 is divided by 52.
50
Calculate the remainder when 2152 is divided by 145.
122
Calculate the remainder when 26 is divided by 17.
9
Calculate the remainder when 1346 is divided by 45.
41
Calculate the remainder when 560 is divided by 6.
2
Calculate the remainder when 146 is divided by 66.
14
What is the remainder when 959 is divided by 8?
7
Calculate the remainder when 95 is divided by 13.
4
What is the remainder when 160 is divided by 15?
10
What is the remainder when 3899 is divided by 647?
17
What is the remainder when 911 is divided by 69?
14
Calculate the remainder when 140 is divided by 36.
32
What is the remainder when 33298 is divided by 37?
35
Calculate the remainder when 7138 is divided by 60.
58
What is the remainder when 1620 is divided by 146?
14
Calculate the remainder when 326 is divided by 167.
159
Calculate the remainder when 1010 is divided by 8.
2
What is the remainder when 7202 is divided by 300?
2
What is the remainder when 175 is divided by 161?
14
Calculate the remainder when 500 is divided by 219.
62
Calculate the remainder when 179 is divided by 8.
3
Calculate the remainder when 785 is divided by 22.
15
What is the remainder when 949 is divided by 82?
47
What is the remainder when 130 is divided by 24?
10
What is the remainder when 528 is divided by 59?
56
What is the remainder when 23527 is divided by 68?
67
Calculate the remainder when 23 is divided by 18.
5
Calculate the remainder when 698 is divided by 89.
75
Calculate the remainder when 99 is divided by 25.
24
What is the remainder when 77 is divided by 42?
35
What is the remainder when 1843 is divided by 614?
1
Calculate the remainder when 230 is divided by 67.
29
What is the remainder when 249 is divided by 131?
118
Calculate the remainder when 2403 is divided by 1194.
15
Calculate the remainder when 2241 is divided by 66.
63
What is the remainder when 158 is divided by 18?
14
Calculate the remainder when 806 is divided by 86.
32
What is the remainder when 1652 is divided by 334?
316
What is the remainder when 87 is divided by 28?
3
Calculate the remainder when 157 is divided by 40.
37
Calculate the remainder when 7507 is divided by 442.
435
Calculate the remainder when 797 is divided by 47.
45
What is the remainder when 346 is divided by 30?
16
Calculate the remainder when 250 is divided by 127.
123
Calc